{"id":84,"date":"2024-12-20T09:11:13","date_gmt":"2024-12-20T08:11:13","guid":{"rendered":"https:\/\/urszulagalazka.eu\/?page_id=84"},"modified":"2026-03-24T10:20:38","modified_gmt":"2026-03-24T09:20:38","slug":"op-art","status":"publish","type":"page","link":"https:\/\/urszulagalazka.eu\/?page_id=84","title":{"rendered":"Grafika"},"content":{"rendered":"\n<p>W trakcie studi\u00f3w artystycznych mia\u0142am okazj\u0119 zapozna\u0107 si\u0119 z kilkoma technikami graficznymi. Tutaj prezentuj\u0119 prace, kt\u00f3re powsta\u0142y g\u0142\u00f3wnie w trakcie edukacji ale mam kilka powsta\u0142ych w warunkach domowych. Bo chocia\u017c nie mam w domu profesjonalnych pras a zamiast farby drukarskiej u\u017cywam farb rozpuszczalnych w wodzie, to linoryt skrad\u0142 moje serce zupe\u0142nie. <\/p>\n\n\n\n<h2 class=\"wp-block-heading\">Sitodruk<\/h2>\n\n\n\n<p>Brzegi ostre jak brzytwa i jaskrawe kolory to by\u0142o zadanie idealne dla mnie, czyli Op-Art jako serigrafia. Projekt wykonany zosta\u0142 w Illustratorze a odbitki wykonano w r\u00f3\u017cnych wariantach kolorystycznych by sprawdzi\u0107 jak zachowuj\u0105 si\u0119 kolorowy wzgl\u0119dem siebie. Wzory odbija\u0142am r\u00f3wnie\u017c na koszulkach bawe\u0142nianych. .<\/p>\n\n\n\n<figure class=\"wp-block-gallery has-nested-images columns-default is-cropped wp-block-gallery-1 is-layout-flex wp-block-gallery-is-layout-flex\">\n<figure class=\"wp-block-image size-large\"><a href=\"https:\/\/urszulagalazka.eu\/wp-content\/uploads\/2025\/07\/Opart1_1024.jpg\"><img loading=\"lazy\" decoding=\"async\" width=\"1024\" height=\"711\" data-id=\"325\" src=\"https:\/\/urszulagalazka.eu\/wp-content\/uploads\/2025\/07\/Opart1_1024.jpg\" alt=\"\" class=\"wp-image-325\" srcset=\"https:\/\/urszulagalazka.eu\/wp-content\/uploads\/2025\/07\/Opart1_1024.jpg 1024w, https:\/\/urszulagalazka.eu\/wp-content\/uploads\/2025\/07\/Opart1_1024-300x208.jpg 300w, https:\/\/urszulagalazka.eu\/wp-content\/uploads\/2025\/07\/Opart1_1024-768x533.jpg 768w\" sizes=\"auto, (max-width: 1024px) 100vw, 1024px\" \/><\/a><\/figure>\n\n\n\n<figure class=\"wp-block-image size-large\"><a href=\"https:\/\/urszulagalazka.eu\/wp-content\/uploads\/2025\/07\/Opart1_dugiKolor_41024.jpg\"><img loading=\"lazy\" decoding=\"async\" width=\"1024\" height=\"719\" data-id=\"330\" src=\"https:\/\/urszulagalazka.eu\/wp-content\/uploads\/2025\/07\/Opart1_dugiKolor_41024.jpg\" alt=\"\" class=\"wp-image-330\" srcset=\"https:\/\/urszulagalazka.eu\/wp-content\/uploads\/2025\/07\/Opart1_dugiKolor_41024.jpg 1024w, https:\/\/urszulagalazka.eu\/wp-content\/uploads\/2025\/07\/Opart1_dugiKolor_41024-300x211.jpg 300w, https:\/\/urszulagalazka.eu\/wp-content\/uploads\/2025\/07\/Opart1_dugiKolor_41024-768x539.jpg 768w\" sizes=\"auto, (max-width: 1024px) 100vw, 1024px\" \/><\/a><\/figure>\n\n\n\n<figure class=\"wp-block-image size-large\"><a href=\"https:\/\/urszulagalazka.eu\/wp-content\/uploads\/2025\/07\/Opart1_trzeciKolor_41024-scaled.jpg\"><img loading=\"lazy\" decoding=\"async\" width=\"1024\" height=\"711\" data-id=\"332\" src=\"https:\/\/urszulagalazka.eu\/wp-content\/uploads\/2025\/07\/Opart1_trzeciKolor_41024-1024x711.jpg\" alt=\"\" class=\"wp-image-332\" srcset=\"https:\/\/urszulagalazka.eu\/wp-content\/uploads\/2025\/07\/Opart1_trzeciKolor_41024-1024x711.jpg 1024w, https:\/\/urszulagalazka.eu\/wp-content\/uploads\/2025\/07\/Opart1_trzeciKolor_41024-300x208.jpg 300w, https:\/\/urszulagalazka.eu\/wp-content\/uploads\/2025\/07\/Opart1_trzeciKolor_41024-768x533.jpg 768w, https:\/\/urszulagalazka.eu\/wp-content\/uploads\/2025\/07\/Opart1_trzeciKolor_41024-1536x1067.jpg 1536w, https:\/\/urszulagalazka.eu\/wp-content\/uploads\/2025\/07\/Opart1_trzeciKolor_41024-2048x1422.jpg 2048w\" sizes=\"auto, (max-width: 1024px) 100vw, 1024px\" \/><\/a><\/figure>\n\n\n\n<figure class=\"wp-block-image size-large\"><a href=\"https:\/\/urszulagalazka.eu\/wp-content\/uploads\/2025\/07\/Opart2_1024.jpg\"><img loading=\"lazy\" decoding=\"async\" width=\"1024\" height=\"746\" data-id=\"331\" src=\"https:\/\/urszulagalazka.eu\/wp-content\/uploads\/2025\/07\/Opart2_1024.jpg\" alt=\"\" class=\"wp-image-331\" srcset=\"https:\/\/urszulagalazka.eu\/wp-content\/uploads\/2025\/07\/Opart2_1024.jpg 1024w, https:\/\/urszulagalazka.eu\/wp-content\/uploads\/2025\/07\/Opart2_1024-300x219.jpg 300w, https:\/\/urszulagalazka.eu\/wp-content\/uploads\/2025\/07\/Opart2_1024-768x560.jpg 768w\" sizes=\"auto, (max-width: 1024px) 100vw, 1024px\" \/><\/a><\/figure>\n\n\n\n<figure class=\"wp-block-image size-large\"><a href=\"https:\/\/urszulagalazka.eu\/wp-content\/uploads\/2025\/07\/Opart2_drugiKolor_1024.jpg\"><img loading=\"lazy\" decoding=\"async\" width=\"1024\" height=\"727\" data-id=\"329\" src=\"https:\/\/urszulagalazka.eu\/wp-content\/uploads\/2025\/07\/Opart2_drugiKolor_1024.jpg\" alt=\"\" class=\"wp-image-329\" srcset=\"https:\/\/urszulagalazka.eu\/wp-content\/uploads\/2025\/07\/Opart2_drugiKolor_1024.jpg 1024w, https:\/\/urszulagalazka.eu\/wp-content\/uploads\/2025\/07\/Opart2_drugiKolor_1024-300x213.jpg 300w, https:\/\/urszulagalazka.eu\/wp-content\/uploads\/2025\/07\/Opart2_drugiKolor_1024-768x545.jpg 768w\" sizes=\"auto, (max-width: 1024px) 100vw, 1024px\" \/><\/a><\/figure>\n\n\n\n<figure class=\"wp-block-image size-large\"><a href=\"https:\/\/urszulagalazka.eu\/wp-content\/uploads\/2024\/12\/opart2_1024.jpg\"><img loading=\"lazy\" decoding=\"async\" width=\"1024\" height=\"784\" data-id=\"86\" src=\"https:\/\/urszulagalazka.eu\/wp-content\/uploads\/2024\/12\/opart2_1024.jpg\" alt=\"\" class=\"wp-image-86\" srcset=\"https:\/\/urszulagalazka.eu\/wp-content\/uploads\/2024\/12\/opart2_1024.jpg 1024w, https:\/\/urszulagalazka.eu\/wp-content\/uploads\/2024\/12\/opart2_1024-300x230.jpg 300w, https:\/\/urszulagalazka.eu\/wp-content\/uploads\/2024\/12\/opart2_1024-768x588.jpg 768w\" sizes=\"auto, (max-width: 1024px) 100vw, 1024px\" \/><\/a><\/figure>\n\n\n\n<figure class=\"wp-block-image size-large\"><a href=\"https:\/\/urszulagalazka.eu\/wp-content\/uploads\/2025\/07\/Opart3_1024.jpg\"><img loading=\"lazy\" decoding=\"async\" width=\"1024\" height=\"705\" data-id=\"327\" src=\"https:\/\/urszulagalazka.eu\/wp-content\/uploads\/2025\/07\/Opart3_1024.jpg\" alt=\"\" class=\"wp-image-327\" srcset=\"https:\/\/urszulagalazka.eu\/wp-content\/uploads\/2025\/07\/Opart3_1024.jpg 1024w, https:\/\/urszulagalazka.eu\/wp-content\/uploads\/2025\/07\/Opart3_1024-300x207.jpg 300w, https:\/\/urszulagalazka.eu\/wp-content\/uploads\/2025\/07\/Opart3_1024-768x529.jpg 768w\" sizes=\"auto, (max-width: 1024px) 100vw, 1024px\" \/><\/a><\/figure>\n\n\n\n<figure class=\"wp-block-image size-large\"><a href=\"https:\/\/urszulagalazka.eu\/wp-content\/uploads\/2025\/07\/Opart3_drugiKolor_1024.jpg\"><img loading=\"lazy\" decoding=\"async\" width=\"1024\" height=\"766\" data-id=\"328\" src=\"https:\/\/urszulagalazka.eu\/wp-content\/uploads\/2025\/07\/Opart3_drugiKolor_1024.jpg\" alt=\"\" class=\"wp-image-328\" srcset=\"https:\/\/urszulagalazka.eu\/wp-content\/uploads\/2025\/07\/Opart3_drugiKolor_1024.jpg 1024w, https:\/\/urszulagalazka.eu\/wp-content\/uploads\/2025\/07\/Opart3_drugiKolor_1024-300x224.jpg 300w, https:\/\/urszulagalazka.eu\/wp-content\/uploads\/2025\/07\/Opart3_drugiKolor_1024-768x575.jpg 768w\" sizes=\"auto, (max-width: 1024px) 100vw, 1024px\" \/><\/a><\/figure>\n\n\n\n<figure class=\"wp-block-image size-large\"><a href=\"https:\/\/urszulagalazka.eu\/wp-content\/uploads\/2025\/07\/Opart3_trzeciKolor1024.jpg\"><img loading=\"lazy\" decoding=\"async\" width=\"1024\" height=\"760\" data-id=\"326\" src=\"https:\/\/urszulagalazka.eu\/wp-content\/uploads\/2025\/07\/Opart3_trzeciKolor1024.jpg\" alt=\"\" class=\"wp-image-326\" srcset=\"https:\/\/urszulagalazka.eu\/wp-content\/uploads\/2025\/07\/Opart3_trzeciKolor1024.jpg 1024w, https:\/\/urszulagalazka.eu\/wp-content\/uploads\/2025\/07\/Opart3_trzeciKolor1024-300x223.jpg 300w, https:\/\/urszulagalazka.eu\/wp-content\/uploads\/2025\/07\/Opart3_trzeciKolor1024-768x570.jpg 768w\" sizes=\"auto, (max-width: 1024px) 100vw, 1024px\" \/><\/a><\/figure>\n<\/figure>\n\n\n\n<h2 class=\"wp-block-heading\">Linoryt<\/h2>\n\n\n\n<figure class=\"wp-block-gallery has-nested-images columns-default is-cropped wp-block-gallery-2 is-layout-flex wp-block-gallery-is-layout-flex\">\n<figure class=\"wp-block-image size-large\"><a href=\"https:\/\/urszulagalazka.eu\/wp-content\/uploads\/2025\/07\/AutoportretWZamysleniu1024.jpg\"><img loading=\"lazy\" decoding=\"async\" width=\"768\" height=\"1024\" data-id=\"340\" src=\"https:\/\/urszulagalazka.eu\/wp-content\/uploads\/2025\/07\/AutoportretWZamysleniu1024.jpg\" alt=\"\" class=\"wp-image-340\" srcset=\"https:\/\/urszulagalazka.eu\/wp-content\/uploads\/2025\/07\/AutoportretWZamysleniu1024.jpg 768w, https:\/\/urszulagalazka.eu\/wp-content\/uploads\/2025\/07\/AutoportretWZamysleniu1024-225x300.jpg 225w\" sizes=\"auto, (max-width: 768px) 100vw, 768px\" \/><\/a><\/figure>\n\n\n\n<figure class=\"wp-block-image size-large\"><a href=\"https:\/\/urszulagalazka.eu\/wp-content\/uploads\/2025\/07\/KwiatowyOrnament1024.jpg\"><img loading=\"lazy\" decoding=\"async\" width=\"753\" height=\"1024\" data-id=\"342\" src=\"https:\/\/urszulagalazka.eu\/wp-content\/uploads\/2025\/07\/KwiatowyOrnament1024.jpg\" alt=\"\" class=\"wp-image-342\" srcset=\"https:\/\/urszulagalazka.eu\/wp-content\/uploads\/2025\/07\/KwiatowyOrnament1024.jpg 753w, https:\/\/urszulagalazka.eu\/wp-content\/uploads\/2025\/07\/KwiatowyOrnament1024-221x300.jpg 221w\" sizes=\"auto, (max-width: 753px) 100vw, 753px\" \/><\/a><\/figure>\n\n\n\n<figure class=\"wp-block-image size-large\"><a href=\"https:\/\/urszulagalazka.eu\/wp-content\/uploads\/2025\/07\/NierzeczywistaRzeczywistosc1024.jpg\"><img loading=\"lazy\" decoding=\"async\" width=\"752\" height=\"1024\" data-id=\"341\" src=\"https:\/\/urszulagalazka.eu\/wp-content\/uploads\/2025\/07\/NierzeczywistaRzeczywistosc1024.jpg\" alt=\"\" class=\"wp-image-341\" srcset=\"https:\/\/urszulagalazka.eu\/wp-content\/uploads\/2025\/07\/NierzeczywistaRzeczywistosc1024.jpg 752w, https:\/\/urszulagalazka.eu\/wp-content\/uploads\/2025\/07\/NierzeczywistaRzeczywistosc1024-220x300.jpg 220w\" sizes=\"auto, (max-width: 752px) 100vw, 752px\" \/><\/a><\/figure>\n\n\n\n<figure class=\"wp-block-image size-large\"><a href=\"https:\/\/urszulagalazka.eu\/wp-content\/uploads\/2025\/07\/PodwodnySwiat1024.jpg\"><img loading=\"lazy\" decoding=\"async\" width=\"1024\" height=\"800\" data-id=\"343\" src=\"https:\/\/urszulagalazka.eu\/wp-content\/uploads\/2025\/07\/PodwodnySwiat1024.jpg\" alt=\"\" class=\"wp-image-343\" srcset=\"https:\/\/urszulagalazka.eu\/wp-content\/uploads\/2025\/07\/PodwodnySwiat1024.jpg 1024w, https:\/\/urszulagalazka.eu\/wp-content\/uploads\/2025\/07\/PodwodnySwiat1024-300x234.jpg 300w, https:\/\/urszulagalazka.eu\/wp-content\/uploads\/2025\/07\/PodwodnySwiat1024-768x600.jpg 768w\" sizes=\"auto, (max-width: 1024px) 100vw, 1024px\" \/><\/a><\/figure>\n\n\n\n<figure class=\"wp-block-image size-large\"><a href=\"https:\/\/urszulagalazka.eu\/wp-content\/uploads\/2025\/07\/WzburzoneFale1024.jpg\"><img loading=\"lazy\" decoding=\"async\" width=\"1024\" height=\"874\" data-id=\"344\" src=\"https:\/\/urszulagalazka.eu\/wp-content\/uploads\/2025\/07\/WzburzoneFale1024.jpg\" alt=\"\" class=\"wp-image-344\" srcset=\"https:\/\/urszulagalazka.eu\/wp-content\/uploads\/2025\/07\/WzburzoneFale1024.jpg 1024w, https:\/\/urszulagalazka.eu\/wp-content\/uploads\/2025\/07\/WzburzoneFale1024-300x256.jpg 300w, https:\/\/urszulagalazka.eu\/wp-content\/uploads\/2025\/07\/WzburzoneFale1024-768x656.jpg 768w\" sizes=\"auto, (max-width: 1024px) 100vw, 1024px\" \/><\/a><\/figure>\n<\/figure>\n\n\n\n<h2 class=\"wp-block-heading\">Linoryt w gumowym podk\u0142adzie<\/h2>\n\n\n\n<figure class=\"wp-block-gallery has-nested-images columns-default is-cropped wp-block-gallery-3 is-layout-flex wp-block-gallery-is-layout-flex\">\n<figure class=\"wp-block-image size-large\"><a href=\"https:\/\/urszulagalazka.eu\/wp-content\/uploads\/2025\/07\/Kompozycja1_1024.jpg\"><img loading=\"lazy\" decoding=\"async\" width=\"1024\" height=\"765\" data-id=\"345\" src=\"https:\/\/urszulagalazka.eu\/wp-content\/uploads\/2025\/07\/Kompozycja1_1024.jpg\" alt=\"\" class=\"wp-image-345\" srcset=\"https:\/\/urszulagalazka.eu\/wp-content\/uploads\/2025\/07\/Kompozycja1_1024.jpg 1024w, https:\/\/urszulagalazka.eu\/wp-content\/uploads\/2025\/07\/Kompozycja1_1024-300x224.jpg 300w, https:\/\/urszulagalazka.eu\/wp-content\/uploads\/2025\/07\/Kompozycja1_1024-768x574.jpg 768w\" sizes=\"auto, (max-width: 1024px) 100vw, 1024px\" \/><\/a><\/figure>\n\n\n\n<figure class=\"wp-block-image size-large\"><a href=\"https:\/\/urszulagalazka.eu\/wp-content\/uploads\/2025\/07\/Kompozycja2_1024.jpg\"><img loading=\"lazy\" decoding=\"async\" width=\"1024\" height=\"899\" data-id=\"347\" src=\"https:\/\/urszulagalazka.eu\/wp-content\/uploads\/2025\/07\/Kompozycja2_1024.jpg\" alt=\"\" class=\"wp-image-347\" srcset=\"https:\/\/urszulagalazka.eu\/wp-content\/uploads\/2025\/07\/Kompozycja2_1024.jpg 1024w, https:\/\/urszulagalazka.eu\/wp-content\/uploads\/2025\/07\/Kompozycja2_1024-300x263.jpg 300w, https:\/\/urszulagalazka.eu\/wp-content\/uploads\/2025\/07\/Kompozycja2_1024-768x674.jpg 768w\" sizes=\"auto, (max-width: 1024px) 100vw, 1024px\" \/><\/a><\/figure>\n\n\n\n<figure class=\"wp-block-image size-large\"><a href=\"https:\/\/urszulagalazka.eu\/wp-content\/uploads\/2025\/07\/Kompozycja3_1024.jpg\"><img loading=\"lazy\" decoding=\"async\" width=\"1024\" height=\"804\" data-id=\"346\" src=\"https:\/\/urszulagalazka.eu\/wp-content\/uploads\/2025\/07\/Kompozycja3_1024.jpg\" alt=\"\" class=\"wp-image-346\" srcset=\"https:\/\/urszulagalazka.eu\/wp-content\/uploads\/2025\/07\/Kompozycja3_1024.jpg 1024w, https:\/\/urszulagalazka.eu\/wp-content\/uploads\/2025\/07\/Kompozycja3_1024-300x236.jpg 300w, https:\/\/urszulagalazka.eu\/wp-content\/uploads\/2025\/07\/Kompozycja3_1024-768x603.jpg 768w\" sizes=\"auto, (max-width: 1024px) 100vw, 1024px\" \/><\/a><\/figure>\n\n\n\n<figure class=\"wp-block-image size-large\"><a href=\"https:\/\/urszulagalazka.eu\/wp-content\/uploads\/2025\/07\/Kompozycja4_1024.jpg\"><img loading=\"lazy\" decoding=\"async\" width=\"1024\" height=\"794\" data-id=\"348\" src=\"https:\/\/urszulagalazka.eu\/wp-content\/uploads\/2025\/07\/Kompozycja4_1024.jpg\" alt=\"\" class=\"wp-image-348\" srcset=\"https:\/\/urszulagalazka.eu\/wp-content\/uploads\/2025\/07\/Kompozycja4_1024.jpg 1024w, https:\/\/urszulagalazka.eu\/wp-content\/uploads\/2025\/07\/Kompozycja4_1024-300x233.jpg 300w, https:\/\/urszulagalazka.eu\/wp-content\/uploads\/2025\/07\/Kompozycja4_1024-768x596.jpg 768w\" sizes=\"auto, (max-width: 1024px) 100vw, 1024px\" \/><\/a><\/figure>\n<\/figure>\n\n\n\n<h2 class=\"wp-block-heading\">Kolografia<\/h2>\n\n\n\n<figure class=\"wp-block-gallery has-nested-images columns-default is-cropped wp-block-gallery-4 is-layout-flex wp-block-gallery-is-layout-flex\">\n<figure class=\"wp-block-image size-large\"><a href=\"https:\/\/urszulagalazka.eu\/wp-content\/uploads\/2025\/07\/Kolorgrafia1_1024.jpg\"><img loading=\"lazy\" decoding=\"async\" width=\"1024\" height=\"828\" data-id=\"349\" src=\"https:\/\/urszulagalazka.eu\/wp-content\/uploads\/2025\/07\/Kolorgrafia1_1024.jpg\" alt=\"\" class=\"wp-image-349\" srcset=\"https:\/\/urszulagalazka.eu\/wp-content\/uploads\/2025\/07\/Kolorgrafia1_1024.jpg 1024w, https:\/\/urszulagalazka.eu\/wp-content\/uploads\/2025\/07\/Kolorgrafia1_1024-300x243.jpg 300w, https:\/\/urszulagalazka.eu\/wp-content\/uploads\/2025\/07\/Kolorgrafia1_1024-768x621.jpg 768w\" sizes=\"auto, (max-width: 1024px) 100vw, 1024px\" \/><\/a><\/figure>\n\n\n\n<figure class=\"wp-block-image size-large\"><a href=\"https:\/\/urszulagalazka.eu\/wp-content\/uploads\/2025\/07\/Kolorgrafia2_1024.jpg\"><img loading=\"lazy\" decoding=\"async\" width=\"1024\" height=\"875\" data-id=\"350\" src=\"https:\/\/urszulagalazka.eu\/wp-content\/uploads\/2025\/07\/Kolorgrafia2_1024.jpg\" alt=\"\" class=\"wp-image-350\" srcset=\"https:\/\/urszulagalazka.eu\/wp-content\/uploads\/2025\/07\/Kolorgrafia2_1024.jpg 1024w, https:\/\/urszulagalazka.eu\/wp-content\/uploads\/2025\/07\/Kolorgrafia2_1024-300x256.jpg 300w, https:\/\/urszulagalazka.eu\/wp-content\/uploads\/2025\/07\/Kolorgrafia2_1024-768x656.jpg 768w\" sizes=\"auto, (max-width: 1024px) 100vw, 1024px\" \/><\/a><\/figure>\n<\/figure>\n\n\n\n<h2 class=\"wp-block-heading\">Offset<\/h2>\n\n\n\n<figure class=\"wp-block-gallery has-nested-images columns-default is-cropped wp-block-gallery-5 is-layout-flex wp-block-gallery-is-layout-flex\">\n<figure class=\"wp-block-image size-large\"><a href=\"https:\/\/urszulagalazka.eu\/wp-content\/uploads\/2025\/07\/ChatkaWSkansenie1024.jpg\"><img loading=\"lazy\" decoding=\"async\" width=\"867\" height=\"1024\" data-id=\"351\" src=\"https:\/\/urszulagalazka.eu\/wp-content\/uploads\/2025\/07\/ChatkaWSkansenie1024.jpg\" alt=\"\" class=\"wp-image-351\" srcset=\"https:\/\/urszulagalazka.eu\/wp-content\/uploads\/2025\/07\/ChatkaWSkansenie1024.jpg 867w, https:\/\/urszulagalazka.eu\/wp-content\/uploads\/2025\/07\/ChatkaWSkansenie1024-254x300.jpg 254w, https:\/\/urszulagalazka.eu\/wp-content\/uploads\/2025\/07\/ChatkaWSkansenie1024-768x907.jpg 768w\" sizes=\"auto, (max-width: 867px) 100vw, 867px\" \/><\/a><\/figure>\n\n\n\n<figure class=\"wp-block-image size-large\"><a href=\"https:\/\/urszulagalazka.eu\/wp-content\/uploads\/2025\/07\/ChlopiecNaWiezy1024.jpg\"><img loading=\"lazy\" decoding=\"async\" width=\"706\" height=\"1024\" data-id=\"352\" src=\"https:\/\/urszulagalazka.eu\/wp-content\/uploads\/2025\/07\/ChlopiecNaWiezy1024.jpg\" alt=\"\" class=\"wp-image-352\" srcset=\"https:\/\/urszulagalazka.eu\/wp-content\/uploads\/2025\/07\/ChlopiecNaWiezy1024.jpg 706w, https:\/\/urszulagalazka.eu\/wp-content\/uploads\/2025\/07\/ChlopiecNaWiezy1024-207x300.jpg 207w\" sizes=\"auto, (max-width: 706px) 100vw, 706px\" \/><\/a><\/figure>\n<\/figure>\n\n\n\n<h2 class=\"wp-block-heading\">Odbitki z metalowych matryc<\/h2>\n\n\n\n<figure class=\"wp-block-gallery has-nested-images columns-default is-cropped wp-block-gallery-6 is-layout-flex wp-block-gallery-is-layout-flex\">\n<figure class=\"wp-block-image size-large\"><a href=\"https:\/\/urszulagalazka.eu\/wp-content\/uploads\/2025\/07\/Ornament2drugiWariant1024.jpg\"><img loading=\"lazy\" decoding=\"async\" width=\"1024\" height=\"868\" data-id=\"333\" src=\"https:\/\/urszulagalazka.eu\/wp-content\/uploads\/2025\/07\/Ornament2drugiWariant1024.jpg\" alt=\"\" class=\"wp-image-333\" srcset=\"https:\/\/urszulagalazka.eu\/wp-content\/uploads\/2025\/07\/Ornament2drugiWariant1024.jpg 1024w, https:\/\/urszulagalazka.eu\/wp-content\/uploads\/2025\/07\/Ornament2drugiWariant1024-300x254.jpg 300w, https:\/\/urszulagalazka.eu\/wp-content\/uploads\/2025\/07\/Ornament2drugiWariant1024-768x651.jpg 768w\" sizes=\"auto, (max-width: 1024px) 100vw, 1024px\" \/><\/a><\/figure>\n\n\n\n<figure class=\"wp-block-image size-large\"><a href=\"https:\/\/urszulagalazka.eu\/wp-content\/uploads\/2025\/07\/OrnamentDrugiWariant1024.jpg\"><img loading=\"lazy\" decoding=\"async\" width=\"1024\" height=\"870\" data-id=\"336\" src=\"https:\/\/urszulagalazka.eu\/wp-content\/uploads\/2025\/07\/OrnamentDrugiWariant1024.jpg\" alt=\"\" class=\"wp-image-336\" srcset=\"https:\/\/urszulagalazka.eu\/wp-content\/uploads\/2025\/07\/OrnamentDrugiWariant1024.jpg 1024w, https:\/\/urszulagalazka.eu\/wp-content\/uploads\/2025\/07\/OrnamentDrugiWariant1024-300x255.jpg 300w, https:\/\/urszulagalazka.eu\/wp-content\/uploads\/2025\/07\/OrnamentDrugiWariant1024-768x653.jpg 768w\" sizes=\"auto, (max-width: 1024px) 100vw, 1024px\" \/><\/a><\/figure>\n\n\n\n<figure class=\"wp-block-image size-large\"><a href=\"https:\/\/urszulagalazka.eu\/wp-content\/uploads\/2025\/07\/KolazAutoportret1024-scaled.jpg\"><img loading=\"lazy\" decoding=\"async\" width=\"1024\" height=\"1011\" data-id=\"338\" src=\"https:\/\/urszulagalazka.eu\/wp-content\/uploads\/2025\/07\/KolazAutoportret1024-1024x1011.jpg\" alt=\"\" class=\"wp-image-338\" srcset=\"https:\/\/urszulagalazka.eu\/wp-content\/uploads\/2025\/07\/KolazAutoportret1024-1024x1011.jpg 1024w, https:\/\/urszulagalazka.eu\/wp-content\/uploads\/2025\/07\/KolazAutoportret1024-300x296.jpg 300w, https:\/\/urszulagalazka.eu\/wp-content\/uploads\/2025\/07\/KolazAutoportret1024-768x758.jpg 768w, https:\/\/urszulagalazka.eu\/wp-content\/uploads\/2025\/07\/KolazAutoportret1024-1536x1516.jpg 1536w, https:\/\/urszulagalazka.eu\/wp-content\/uploads\/2025\/07\/KolazAutoportret1024-2048x2022.jpg 2048w\" sizes=\"auto, (max-width: 1024px) 100vw, 1024px\" \/><\/a><\/figure>\n\n\n\n<figure class=\"wp-block-image size-large\"><a href=\"https:\/\/urszulagalazka.eu\/wp-content\/uploads\/2025\/07\/Ornament21024.jpg\"><img loading=\"lazy\" decoding=\"async\" width=\"1024\" height=\"866\" data-id=\"334\" src=\"https:\/\/urszulagalazka.eu\/wp-content\/uploads\/2025\/07\/Ornament21024.jpg\" alt=\"\" class=\"wp-image-334\" srcset=\"https:\/\/urszulagalazka.eu\/wp-content\/uploads\/2025\/07\/Ornament21024.jpg 1024w, https:\/\/urszulagalazka.eu\/wp-content\/uploads\/2025\/07\/Ornament21024-300x254.jpg 300w, https:\/\/urszulagalazka.eu\/wp-content\/uploads\/2025\/07\/Ornament21024-768x650.jpg 768w\" sizes=\"auto, (max-width: 1024px) 100vw, 1024px\" \/><\/a><\/figure>\n\n\n\n<figure class=\"wp-block-image size-large\"><a href=\"https:\/\/urszulagalazka.eu\/wp-content\/uploads\/2025\/07\/Ornament1024.jpg\"><img loading=\"lazy\" decoding=\"async\" width=\"1024\" height=\"852\" data-id=\"335\" src=\"https:\/\/urszulagalazka.eu\/wp-content\/uploads\/2025\/07\/Ornament1024.jpg\" alt=\"\" class=\"wp-image-335\" srcset=\"https:\/\/urszulagalazka.eu\/wp-content\/uploads\/2025\/07\/Ornament1024.jpg 1024w, https:\/\/urszulagalazka.eu\/wp-content\/uploads\/2025\/07\/Ornament1024-300x250.jpg 300w, https:\/\/urszulagalazka.eu\/wp-content\/uploads\/2025\/07\/Ornament1024-768x639.jpg 768w\" sizes=\"auto, (max-width: 1024px) 100vw, 1024px\" \/><\/a><\/figure>\n\n\n\n<figure class=\"wp-block-image size-large\"><a href=\"https:\/\/urszulagalazka.eu\/wp-content\/uploads\/2025\/07\/PortretNaLuzie1024-scaled.jpg\"><img loading=\"lazy\" decoding=\"async\" width=\"987\" height=\"1024\" data-id=\"339\" src=\"https:\/\/urszulagalazka.eu\/wp-content\/uploads\/2025\/07\/PortretNaLuzie1024-987x1024.jpg\" alt=\"\" class=\"wp-image-339\" srcset=\"https:\/\/urszulagalazka.eu\/wp-content\/uploads\/2025\/07\/PortretNaLuzie1024-987x1024.jpg 987w, https:\/\/urszulagalazka.eu\/wp-content\/uploads\/2025\/07\/PortretNaLuzie1024-289x300.jpg 289w, https:\/\/urszulagalazka.eu\/wp-content\/uploads\/2025\/07\/PortretNaLuzie1024-768x797.jpg 768w, https:\/\/urszulagalazka.eu\/wp-content\/uploads\/2025\/07\/PortretNaLuzie1024-1480x1536.jpg 1480w, https:\/\/urszulagalazka.eu\/wp-content\/uploads\/2025\/07\/PortretNaLuzie1024-1973x2048.jpg 1973w\" sizes=\"auto, (max-width: 987px) 100vw, 987px\" \/><\/a><\/figure>\n\n\n\n<figure class=\"wp-block-image size-large\"><a href=\"https:\/\/urszulagalazka.eu\/wp-content\/uploads\/2025\/07\/PortretNaLuzieDrugiWariant1024.jpg\"><img loading=\"lazy\" decoding=\"async\" width=\"1001\" height=\"1024\" data-id=\"337\" src=\"https:\/\/urszulagalazka.eu\/wp-content\/uploads\/2025\/07\/PortretNaLuzieDrugiWariant1024.jpg\" alt=\"\" class=\"wp-image-337\" srcset=\"https:\/\/urszulagalazka.eu\/wp-content\/uploads\/2025\/07\/PortretNaLuzieDrugiWariant1024.jpg 1001w, https:\/\/urszulagalazka.eu\/wp-content\/uploads\/2025\/07\/PortretNaLuzieDrugiWariant1024-293x300.jpg 293w, https:\/\/urszulagalazka.eu\/wp-content\/uploads\/2025\/07\/PortretNaLuzieDrugiWariant1024-768x786.jpg 768w\" sizes=\"auto, (max-width: 1001px) 100vw, 1001px\" \/><\/a><\/figure>\n<\/figure>\n","protected":false},"excerpt":{"rendered":"<p>W trakcie studi\u00f3w artystycznych mia\u0142am okazj\u0119 zapozna\u0107 si\u0119 z kilkoma technikami graficznymi. Tutaj prezentuj\u0119 prace, kt\u00f3re powsta\u0142y g\u0142\u00f3wnie w trakcie edukacji ale mam kilka powsta\u0142ych w warunkach domowych. Bo chocia\u017c nie mam w domu profesjonalnych pras a zamiast farby drukarskiej u\u017cywam farb rozpuszczalnych w wodzie, to linoryt skrad\u0142 moje serce zupe\u0142nie. Sitodruk Brzegi ostre jak [&hellip;]<\/p>\n","protected":false},"author":1,"featured_media":0,"parent":0,"menu_order":0,"comment_status":"closed","ping_status":"closed","template":"","meta":{"footnotes":""},"class_list":["post-84","page","type-page","status-publish","hentry"],"_links":{"self":[{"href":"https:\/\/urszulagalazka.eu\/index.php?rest_route=\/wp\/v2\/pages\/84","targetHints":{"allow":["GET"]}}],"collection":[{"href":"https:\/\/urszulagalazka.eu\/index.php?rest_route=\/wp\/v2\/pages"}],"about":[{"href":"https:\/\/urszulagalazka.eu\/index.php?rest_route=\/wp\/v2\/types\/page"}],"author":[{"embeddable":true,"href":"https:\/\/urszulagalazka.eu\/index.php?rest_route=\/wp\/v2\/users\/1"}],"replies":[{"embeddable":true,"href":"https:\/\/urszulagalazka.eu\/index.php?rest_route=%2Fwp%2Fv2%2Fcomments&post=84"}],"version-history":[{"count":4,"href":"https:\/\/urszulagalazka.eu\/index.php?rest_route=\/wp\/v2\/pages\/84\/revisions"}],"predecessor-version":[{"id":544,"href":"https:\/\/urszulagalazka.eu\/index.php?rest_route=\/wp\/v2\/pages\/84\/revisions\/544"}],"wp:attachment":[{"href":"https:\/\/urszulagalazka.eu\/index.php?rest_route=%2Fwp%2Fv2%2Fmedia&parent=84"}],"curies":[{"name":"wp","href":"https:\/\/api.w.org\/{rel}","templated":true}]}}